ors of u(4)?
13
Suppose v = 3*c - 84 + 256, -324 = -2*v + c. List the prime factors of v.
2, 5
Let h = 2 - 2. Let n(l) = -l**2 + 7*l + 4. Let c be n(7). Suppose h*w - c*w - 4*v + 44 = 0, -2*v - 2 = -w. What are the prime factors of w?
2
Let p = -7 + 10. Suppose -4*v - 8 = p*m, m + 5*v + 10 = -4*m. Suppose 3*c - c - 4 = m. List the prime factors of c.
2
Let f = 5 - -7. List the prime factors of f/2*(-1)/(-2).
3
Let u = -9 - -9. Suppose u*t - 56 = -2*t. What are the prime factors of t?
2, 7
Suppose -2*d = -3*d + 116. Suppose d + 16 = 3*u. Suppose 3*q - u = -q. What are the prime factors of q?
11
Let w(z) be the first derivative of z**3/3 + 3*z**2/2 - z - 2. List the prime factors of w(2).
3
Let z(u) = -u**2 + 11*u - 7. Let g be z(7). Let n be 10/(-14) - 6/g. What are the prime factors of 0/(-4) + (-12)/n?
2, 3
Let x(b) = b**2 - 10*b + 3. Let d be x(10). Suppose 2*a - 85 = -d*j, -3*a - a - 80 = -4*j. What are the prime factors of j?
5
Suppose t = 3*t - 4. Let l be 2*(-1 + t) - -23. Suppose 4*w - 7 - l = 0. What are the prime factors of w?
2
Let u(f) = 8*f**3 + 2*f**2 - f. Suppose 2*p + 3*p - 1 = -v, 5*p = -2*v - 3. Let a = 0 + p. List the prime factors of u(a).
3
List the prime factors of (1 - 1) + (-4 - -24).
2, 5
Let x(v) = 4*v - 3. Let t be x(14). Let i = -29 + t. List the prime factors of i.
2, 3
Suppose 3*c - 4*c = 3. Let h be c/6 + (-27)/(-2). Suppose 0 = r - h - 6. What are the prime factors of r?
19
Suppose r - q + 7 = -2*r, 5*r + 6 = -4*q. Let y(l) = -5*l**2 + 2*l - 3. Let n(b) = -b**2 - 1. Let i(j) = 3*n(j) - y(j). What are the prime factors of i(r)?
2, 3
Let w = -5 - -7. Let c be 27/(-2)*8/(-6). Suppose w*y = f + y - 8, c = 3*f - y. What are the prime factors of f?
5
List the prime factors of 8/68 + (-198)/(-51).
2
Suppose 0*g - 5*g - 85 = 0. Let b = g - -24. Suppose -6 = 4*d - b*d. What are the prime factors of d?
2
Suppose 3*u = 807 + 39. What are the prime factors of u?
2, 3, 47
Let p(t) = t**2 + 2*t + 2. Let i(v) = v**3 + 3*v**2 + 2*v + 3. Let q be i(-3). List the prime factors of p(q).
5
Let n be (3 - 1)/((-3)/(-6)). Suppose n*z + 90 = 4*i + 34, -i - 3*z = -2. What are the prime factors of i?
11
Let d = 4 - 1. List the prime factors of d.
3
Suppose 1 = 11*b - 32. Let h be (1/2)/((-2)/(-8)). Suppose 10 = b*s - 0*s + w, w = h*s. What are the prime factors of s?
2
Let l(s) = -3*s**3 - 3*s**2 + 3*s + 2. What are the prime factors of l(-3)?
47
What are the prime factors of (182/(-21))/(1 + 35/(-33))?
11, 13
Let u(t) = -t + 29. Let z be u(18). Let f = 6 + -3. Let l = z - f. List the prime factors of l.
2
Let p = 12 + -7. List the prime factors of p.
5
Let x(z) = 8*z - 3. Let a be x(2). Let b = -9 + a. What are the prime factors of b?
2
Let s(t) = t**2 - 5*t + 4. Let g be s(5). Suppose -2*z + 2*b - 5 + 53 = 0, 0 = -z - g*b + 29. What are the prime factors of z?
5
Let c(k) = -k + 1. Let q(i) = 7*i - 5. Let l(r) = 5*c(r) + q(r). What are the prime factors of l(5)?
2, 5
Let l(j) be the third derivative of -j**4/24 - j**3/2 + 2*j**2. Let f be l(-6). Suppose -f*c - 5*y + 0*y = -50, 5*c - 3*y = 38. List the prime factors of c.
2, 5
Suppose 2*d = -5*d + 847. List the prime factors of d.
11
Let u(h) = -3*h - 4. Let w be u(-8). What are the prime factors of w/6 - 4/12?
3
Let f(r) = 44*r - 6. What are the prime factors of f(4)?
2, 5, 17
Let b = -3 - 13. Let h = b + 29. What are the prime factors of h?
13
Let j(k) = 2*k + 6. Let f be j(-15). Suppose 2*q + 3*c - 103 = 0, -3*q = -2*c - 0*c - 122. Let h = f + q. What are the prime factors of h?
2, 5
Let s = -392 - -587. What are the prime factors of s?
3, 5, 13
Suppose 2*c - 25 = -5. Suppose -2*g - c = -z - 42, -2*g + 2*z = -34. What are the prime factors of g?
3, 5
Let u(t) = 20*t**2 + t - 1. Let b be u(1). Suppose 4*h + 21 = 5*d + 2, -b = 5*h - 5*d. List the prime factors of 5*(h + 2) + 1.
2, 3
Let j be (153/(3 - 6))/(-1). Suppose 4*z + j = 2*d + d, -5*d + 85 = 4*z. What are the prime factors of d?
17
Let g = -1 - 8. Let r(w) = -2*w - 12. What are the prime factors of r(g)?
2, 3
Suppose 5*c - 281 = -3*g, -g + 5*c = 4*c - 99. List the prime factors of g.
97
Let z be (-2 - (2 - 5))*-7. Let i(b) = -b**2 - 7*b + 4. What are the prime factors of i(z)?
2
Let l(i) = 3*i - 4. Let x = -2 - -7. Suppose -o + x*r = r - 11, 5*o - 2*r - 37 = 0. What are the prime factors of l(o)?
17
Suppose -56 + 233 = 3*m. Suppose 5*w - 2*l = 80, -3*w - 3*l + m = -2*l. Let u = -7 + w. List the prime factors of u.
11
Let p be 3/(1/(-4)*3). Let w be (-6)/p*(-8)/6. List the prime factors of (-2 - -3) + (-1 - w).
2
Suppose 0 = -4*a + 49 - 193. What are the prime factors of (a/8)/((-6)/32)?
2, 3
Let h = 144 + -48. Suppose -4*m + 124 = -h. Suppose m - 16 = 3*r. List the prime factors of r.
13
Let q(l) = 2*l**2 + 2*l. Let s be q(-2). Let k(g) = -5*g + s + 2 + 4*g. What are the prime factors of k(0)?
2, 3
Let c(i) = -i. Let w(h) = -2*h - 1. Let u(v) = -v - 6. Let b be u(-5). Let a(j) = b*c(j) + w(j). List the prime factors of a(-3).
2
List the prime factors of 32/112 - 360/(-14).
2, 13
Suppose 4*y - 112 = 2*y. What are the prime factors of y?
2, 7
List the prime factors of 1*(-401)/(2/((-8)/4)).
401
What are the prime factors of (85 + 2)*4/6?
2, 29
Let q = -91 + 129. List the prime factors of q.
2, 19
Let u be (-1)/((8/132)/((-6)/9)). Suppose c = -2*c - 27. Let m = u + c. List the prime factors of m.
2
Let b(k) be the first derivative of k**4/4 - k**2/2 + 42*k - 3. List the prime factors of b(0).
2, 3, 7
Suppose -5*n - w + 52 = 0, 2*w + 56 + 5 = 5*n. Let m = 21 - n. Let t = -1 + m. List the prime factors of t.
3
Let f = 88 + -22. List the prime factors of f.
2, 3, 11
Suppose 5 - 2 = z. Suppose t - 68 = -z*t. Let x = t + -6. List the prime factors of x.
11
Suppose 3*l + 19 = 58. What are the prime factors of l?
13
Let q(z) be the second derivative of z**5/20 + z**4/3 - z**3 + z**2 - z. What are the prime factors of q(-5)?
7
Let o(y) = 3*y**2 + 7*y - 6. Let u(z) = z**2 - 1. Let p(s) = -o(s) + 4*u(s). Let a = -6 - -13. What are the prime factors of p(a)?
2
Let t(r) = 5*r**3 - 3*r**2 - 3*r + 2. List the prime factors of t(3).
101
Suppose 4*s - 2*x = 38, s - 6*x + 5*x = 12. List the prime factors of s.
7
Suppose -2*n - 3*n = 15. What are the prime factors of ((-28)/n)/(2/3)?
2, 7
Let n = 210 + -124. What are the prime factors of n?
2, 43
Let k(w) = w**3 - 3*w**2 + 3*w + 1. Let p be 1/(-5) + 6/5. Let s be p + (0 - 4/(-2)). What are the prime factors of k(s)?
2, 5
What are the prime factors of (90/(-75))/(4/(-90))?
3
List the prime factors of (1*(-2)/2 - 3) + 309.
5, 61
Let f = -3 - -9. Let t(n) = n**2 - 4*n - 3. Let c be t(f). Let v = c + -6. List the prime factors of v.
3
Suppose 2*q = q + 2. Suppose -4*s - 140 = -c + 17, s + c = -43. List the prime factors of q/6 - s/6.
7
Suppose 17*a = 12*a + 10. Suppose 4*t - 2*n + 3*n = 81, n = -a*t + 43. List the prime factors of t.
19
Let v(n) = -n**3 + 14. Let o be v(0). Let m be 24/14 - (-4)/o. Suppose 0 - 10 = -m*b. What are the prime factors of b?
5
Let f = 52 + -45. What are the prime factors of f?
7
Let y be 7 + (-4)/((-4)/(-2)). Suppose 2 = y*b - 63. Let w = b + -3. List the prime factors of w.
2, 5
Let v(x) = -x + 19. What are the prime factors of v(0)?
19
Suppose -7*r + 3*r + c - 102 = 0, -2*r + 5*c = 60. Let f = r - -42. Let g = f - 4. List the prime factors of g.
13
Let c(w) = -4*w**3 - 4*w**2 + 4*w - 3. Let r be c(2). Let t = -17 - r. List the prime factors of t.
2, 13
Suppose v = 6*v - 25, 2*c + 5*v - 33 = 0. Let z = -20 + -4. List the prime factors of 9/c*z/(-9).
2, 3
Suppose 5*l - 3*c - 1686 = 0, -3*l = -l + 3*c - 687. List the prime factors of l.
3, 113
Suppose 9*n = 16*n - 1456. List the prime factors of n.
2, 13
List the prime factors of 5/(1 + (-45)/50).
2, 5
What are the prime factors of ((-9)/(-2))/(36/192)?
2, 3
Let t = -357 + 542. List the prime factors of t.
5, 37
Suppose -5*m + 57 = -4*n - 0*n, 0 = -2*n + 3*m - 27. Let j be (-4)/(-6) + 84/n. List the prime factors of j/(-10) + 112/20.
2, 3
What are the prime factors of (3/(-6))/((-5)/1490)?
149
Let q be (-7)/(-21)*3*2. List the prime factors of ((1 - -2)*6)/q.
3
Let b(h) = -2*h - 10. Let z be b(-9). Suppose -4*n = -z*n + 60. What are the prime factors of 25*((-9)/n + 1)?
2, 5
Let y(z) be the second derivative of z**7/2520 